**3 - t**2 + 40*t + 34. What is the thousands digit of k(13)?
2
Let d(c) = 233*c**2 + 12*c - 51. What is the units digit of d(4)?
5
Suppose -2*y + 6*y - 3*z = -29, 19 = -3*y + 5*z. Let w be ((-3)/(-12))/((-2)/y). What is the tens digit of (w - 4) + 1 + 27?
2
Suppose 0 = 8*g - 39 - 1. What is the tens digit of ((-1295)/(-21) - g) + 1/3?
5
Let l(t) = -15*t - 2*t**2 - 5 - t**3 + 16*t + 3. Let a be l(-3). Suppose 0 = -d - a*d + 175. What is the tens digit of d?
3
Let c be 14/35 + (-4)/10. Let n(u) = -u**2 + u + 12. What is the tens digit of n(c)?
1
What is the tens digit of (30/5 + (-65)/10)*-3716?
5
Let s be -3*2*(-6)/4. Let w = s + -6. Suppose -w*g - 5*c = -13, c - 22 = 4*g - 70. What is the units digit of g?
1
Let h be 2/((-4)/(-6)) - 3. Let r = 4 + h. Let p = r + 5. What is the units digit of p?
9
Let f = -223 - -775. What is the tens digit of f?
5
Let n(h) = -h**3 + 40*h**2 - 29*h - 93. What is the hundreds digit of n(39)?
2
Let d(k) = -3*k**3 + 2*k**2 + 2*k + 1. Let x = 22 + -24. What is the units digit of d(x)?
9
Suppose 3*y - 14 = -2*r, 2*r - 28 = -5*y + r. Let s be 2*(-2 + (-15)/y). Let z(p) = -p**2 - 10*p - 6. What is the units digit of z(s)?
3
Let f = 16 - 15. Suppose -2*g + 3 = -5*v + 4*v, 3*g - f = 5*v. What is the units digit of g/5 + (-2080)/(-50)?
2
What is the units digit of (4/(-5) + (-6005)/(-100))*28?
9
Let a = 292 + -4. Let t = a + -195. What is the tens digit of t?
9
Suppose -3*n = -2*v + 723, 0*n = 3*n + 3. Suppose -2*s = s - v. Suppose 0 = 4*l - 32 - s. What is the tens digit of l?
3
Let q(f) = -3*f**2 + 2*f - 3. Let x(p) = -2 - 4*p**2 + 3*p**2 + p + 1. Let o(k) = -2*q(k) + 5*x(k). What is the units digit of o(5)?
1
Suppose o - 310 = 263. What is the tens digit of o?
7
Suppose -20 - 12 = -8*i. Let b(q) = 4*q**3 - 4*q**2 - 4*q + 6. What is the tens digit of b(i)?
8
Let j = 17 + -21. Let g be (24/(-20))/(j/310). Suppose -y + 4*y = g. What is the units digit of y?
1
Suppose -4*c = -5*j - 8, -2*j + 3*j + 4*c - 8 = 0. Suppose 4*d - 20 = -j*d. Suppose d*s = -0*s + 120. What is the tens digit of s?
2
Let p = 21 + -19. What is the units digit of -12*((-21)/(-12) - p)?
3
Let h = 6431 + -2005. What is the units digit of h?
6
Let d(m) = 35*m + 1821. What is the thousands digit of d(0)?
1
Let t(j) = -j**3 - 18*j**2 + 11*j - 20. Let r(v) = -v**2. Let u(x) = -2*r(x) + t(x). What is the tens digit of u(-17)?
8
Suppose -4*o - 808 = -3*y - y, 5*y + o = 1028. Let s = y - 136. What is the tens digit of s?
6
Suppose -10*a = -45479 + 799. What is the tens digit of a?
6
Let l = 1318 + -872. What is the units digit of l?
6
Let q be (-4)/(-20) + (-1503)/15. Let x = q + 170. What is the tens digit of x?
7
Suppose -2 = -3*f + 4. Let b be 1*f/(-6)*-12. Suppose b = w + 3. What is the units digit of w?
1
Let t(r) = r**2 - 4*r + 7. Let m be t(2). Suppose -2*b + 7*w + 220 = m*w, 5*b - 590 = 2*w. What is the hundreds digit of b?
1
Let y be (-1760)/(-33) + (-2)/(-3). Let b = y - 47. What is the units digit of b?
7
Suppose -4*x + 4*r = -6488, 3*x - 2307 - 2555 = 5*r. What is the units digit of x?
4
Let x = 3438 + -724. What is the units digit of x?
4
Let m = 1116 - 818. What is the tens digit of m?
9
Let j(f) = -5*f**3 + 2*f**2 - 11*f - 2. Let s(d) = -4*d**3 + d**2 - 10*d - 2. Let w(m) = -2*j(m) + 3*s(m). What is the tens digit of w(-3)?
6
Let r = 425 - -1971. What is the hundreds digit of r?
3
Let k = -14 - -16. Let d(l) = -3*l**3 - 3*l**2 + 2*l - 3. Let h be d(k). What is the tens digit of 134/10 - (-14)/h?
1
Suppose -5*u + 9530 + 10691 = s, -2*s + 20222 = 5*u. What is the units digit of u?
4
Let g(y) = -10*y**3 - 2*y**2 - y + 3. Let u be g(-2). Suppose -t - u = -2*i + 2*t, t = -2*i + 73. What is the units digit of i?
7
Let q(z) = -z**3 + z**2 + 2*z. Let n be q(2). Suppose n = 5*k + 7*w - 2*w, w = 4*k. Suppose k*t - 2*o + 78 = 4*t, -2*o = 5*t - 99. What is the units digit of t?
1
What is the tens digit of (-5550)/(-8) + (13 - (-51)/(-4))?
9
Suppose 4*o + 10 = 9*o. Suppose o = 3*x + 14. What is the tens digit of -2 - (-123)/(-1 - x)?
3
Let a(k) = 82*k + 350. What is the hundreds digit of a(9)?
0
What is the units digit of (168/35 - 4)/(4/2890)?
8
Let r(n) = 24*n**2 - 21*n + 21. Let k(y) = 6*y**2 - 5*y + 5. Let a(m) = 21*k(m) - 5*r(m). Let p be a(1). Let x(u) = 8*u - 13. What is the tens digit of x(p)?
3
Let w(u) = 13*u + 32. Let l be w(17). Suppose -h + 3*v + 59 = 0, -5*h = -0*h - v - l. What is the units digit of h?
0
Let h = 13 - 10. Suppose 0 = -h*g - 2*p + 20, 2*g - 2*p = 6*g - 26. Suppose 0 = -3*m + g. What is the units digit of m?
2
Suppose 3*d + 299 = s - 0*d, 3*s = 4*d + 892. Let i = -175 + s. What is the tens digit of i?
2
Let k(l) = 2*l**2 + 6. Let r be k(6). Suppose 102 = -4*i + 3*q, 2*i + 104 = -2*i + 2*q. Let t = i + r. What is the tens digit of t?
5
Suppose 0 = 7*i - 69 + 27. Let z(b) = 10*b + 10. What is the units digit of z(i)?
0
Let l = -106 + 1509. What is the hundreds digit of l?
4
Suppose -147 = -2*n + 111. What is the units digit of n?
9
Let f = -5 - 3. Let n(x) = 2*x**2 + 13*x + 10. Let q be n(f). Let g = q + 0. What is the tens digit of g?
3
Suppose 5*u + 2040 = 8*u. What is the hundreds digit of u?
6
Suppose -5*z - 3431 = -3*r - 1131, 2*r + 3*z = 1546. What is the tens digit of r?
7
Let k be (0 + -9 + 4)*-4. What is the units digit of (k/15)/((-2)/(-3))?
2
Let x = 447 - 77. What is the units digit of x?
0
Let n = 989 - 585. What is the tens digit of n?
0
Let g = 809 + -474. What is the units digit of g?
5
Let r(q) be the second derivative of q**6/720 + 7*q**5/60 + q**4/3 + q. Let k(w) be the third derivative of r(w). What is the units digit of k(0)?
4
Let k(x) = 99*x**2 + 2*x - 4. Let i be k(2). Let h = i - 216. What is the hundreds digit of h?
1
Let k(f) = f**2 - 4*f + 1. Let g = 6 - 0. Let j be k(g). Let s = j + 15. What is the tens digit of s?
2
What is the thousands digit of (-15 - 112/(-6))/(2/786)?
1
Let i(a) = -2*a**2 + a. Let v be i(2). Let f be (4/v)/((-2)/6). Suppose -75 = -4*m - 4*w - 23, -f*w + 56 = 5*m. What is the units digit of m?
0
Let b = -9 - -5. Let s = -2 - b. Suppose s = 4*g - 50. What is the units digit of g?
3
Let p(g) = 11*g**3 - 10*g**2 - 67*g + 442. What is the hundreds digit of p(6)?
0
Let p(v) be the first derivative of -3*v**4/4 - 5*v**3/3 - 3. What is the units digit of p(-2)?
4
Suppose 16*o - 7*o = 18. Suppose 4*f = 0, -2*z + 4*z + o*f - 632 = 0. What is the tens digit of z?
1
Let t = -15 - -28. Let o = t - 25. What is the units digit of 23/2 + 18/o?
0
Let x(n) = n + 5. Let b be x(-5). Suppose v + 1 - 3 = b. Suppose -v*y + 48 = -y. What is the units digit of y?
8
Let v(z) be the third derivative of -337*z**4/24 + 2*z**3/3 + 8*z**2 + 2*z. What is the tens digit of v(-1)?
4
Let n be (-41)/(1/28 - (-18)/(-63)). What is the hundreds digit of 4/4*n + 3?
1
Let l = -9 + 12. Suppose z - h - 39 = 0, 0 = -10*z + 5*z - l*h + 187. What is the tens digit of z?
3
Suppose -4*g + 0*y + 2868 = 2*y, 5*g = -5*y + 3595. What is the hundreds digit of g?
7
Suppose 5*x - 3*m = 17, -x - m + 9 = x. Suppose -x*l - 2*j = -0*j - 294, 3*l + 5*j = 217. What is the tens digit of l?
7
Suppose 3*z + 12 = 0, 0 = -8*p + 3*p + 5*z + 28365. What is the hundreds digit of p?
6
Let z = 48 + -67. What is the tens digit of -4 - z - (-1 - -1)?
1
Suppose -4*k + 3*j = -1, -5*k - j + 25 = -0*j. Suppose k*o - 108 = 20. What is the units digit of o/8 + (2 - -36)?
2
Let c(x) = 9*x - 13. Let a(y) = -y**2 + y - 1. Let o(h) = a(h) - c(h). What is the tens digit of o(-7)?
1
Suppose 3*p + p = -5*n + 2277, -538 = -p + 5*n. What is the hundreds digit of p?
5
Suppose -3*k + 0*k - 5*g = -7, 2*k - 34 = 4*g. Suppose -z - 1 = -2*r, 0*r + 3*r + 2*z - 5 = 0. Suppose -m + k + r = 0. What is the units digit of m?
0
Suppose 6347 = -12*b + 23*b. What is the units digit of b?
7
Let x(z) be the second derivative of z**4/3 - 5*z**3/3 + 9*z**2 + z + 5. What is the tens digit of x(7)?
4
Suppose -20 = -4*v - 2*r, 3*r = -v + 5*v - 30. Suppose -v*a = -a - 80. What is the tens digit of a?
1
Let n be (1/(-2))/((-4)/96). Let w be 1/(-2)*(2 + n). What is the tens digit of (3 + w)/1 - -49?
4
Let u(y) = -5*y - 7*y + 31*y**2 - 60*y**2 - 2 + 28*y**2. What is the units digit of u(-11)?
9
Let i(g) = -g**2 + 3*g - 9. Let z = 4 + -11. Let m(q) = -q**2 + 2*q - 5. Let d(h) = z*m(h) + 